-h**5/60 - h**4/24 + 2*h**3/3 + 27*h**2 + 1. Give u(4).
-16
Let z(p) be the second derivative of -p**4/12 - 2*p**3/3 - 5*p**2/2 + 67*p. Give z(-2).
-1
Let r(q) = 36*q - 2. Let o(d) = -7*d - 1. Let f(p) = 4*o(p) + r(p). Calculate f(3).
18
Let n(j) = j. Let c(t) = -20*t**2 + 22*t + 20. Let p(x) = -8*x**2 + 9*x + 8. Let h(r) = 5*c(r) - 12*p(r). Let i be h(2). Determine n(i).
-8
Let u(v) be the first derivative of -v**2/2 + 13*v + 273. What is u(7)?
6
Let a(p) = 10*p**2 + 16*p**2 + p**3 + 3 + 4 + 1 - 2*p - 22*p**2. Give a(-5).
-7
Let w(q) = 3*q**2 + 5*q + 12. Let h(j) = 17*j**2 + 25*j + 61. Let s(t) = -2*h(t) + 11*w(t). What is s(6)?
4
Suppose d + 4*z = 49, -5*d - 4*z = -284 + 39. Let v(n) = -25 + d + n**2 + 2*n - 22 + n. Determine v(-2).
0
Let j(i) = 24*i - 14. Let b(y) = -8*y + 5. Let r be -4 - (8/(-2) - 3). Suppose 0*t = -r*t, 0 = 3*d - 5*t - 12. Let a(u) = d*j(u) + 11*b(u). Determine a(-1).
-9
Let x(q) = 5*q**2 + 11*q - 5. Let n(r) = r**2 + r - 2. Let a(b) = 6*n(b) - x(b). Determine a(6).
-1
Let b be (-48 - -49) + (2 - 10). Let v(s) = -s**3 - 7*s**2 - 2*s - 9. Calculate v(b).
5
Let x = -11 - -5. Let h(f) be the second derivative of f**3/6 + 4*f**2 - 598*f - 2. Calculate h(x).
2
Let z(j) = 31*j - 11. Let p(u) = -19*u + 6. Let n(f) = 5*p(f) + 3*z(f). Determine n(6).
-15
Let i be (2/(-3))/(6/(-72)). Suppose 0 = -i*x + 10 - 50. Let m(h) = h + 10. Give m(x).
5
Let t be (16/(-96))/(3/(-18)). Let h(i) = -9*i**3 + i**2 - i + 2. Give h(t).
-7
Let x(g) = 5*g + 18. Let l(m) = -7*m - 19. Let q(u) = 2*l(u) + 3*x(u). Calculate q(-7).
9
Suppose -4*a + 2*g - 5*g = -53, 2*g + 58 = 4*a. Let v(x) = -2*x + 21. Give v(a).
-7
Let a(g) be the third derivative of -g**4/12 - g**3/6 - 4*g**2. Let c(h) = -8*h. Let i(j) = -3*a(j) + c(j). Give i(-4).
11
Let d(o) = -o**2 + 3*o + 48. Let h be d(9). Let w(s) = s + 10. Give w(h).
4
Suppose 0 = -5*o + d + 10, 0 = o - 3*d - 0 - 2. Let w(l) = -2*l**2 - l - 2. Give w(o).
-12
Let j = -47 - -51. Suppose 2*z - 5 = 3*x, -4*x + j*z = -0*z. Let w(n) = -n**2 - 6*n - 3. Give w(x).
2
Let h(q) = -7*q - 5. Let x(f) = -2*f + 16. Let k be x(5). Let o(a) = -4*a - 4*a + 5*a - 3*a - k. Let s(b) = 5*h(b) - 6*o(b). Give s(-9).
2
Let k(b) = -b**3 + 4*b**2 + 3*b + 7. Let p be 36/(-6)*2/(-2). Determine k(p).
-47
Let y(f) = 4*f**3 - 4*f**2 + 4*f + 4. Let x(u) = u**3 + 1. Let p be x(1). Let w(z) = 9*z**3 - 8*z**2 + 9*z + 9. Let r(a) = p*w(a) - 5*y(a). Determine r(2).
-6
Let t(h) = -h + 7 + 1 - 2. Give t(0).
6
Let s(y) = y**2 - 5*y - 1. Let v(l) = -l**2 - 6*l - 2. Let d be v(-2). What is s(d)?
5
Let t(s) = 385 + s - 3*s - 388. Suppose 2*a - 9 - 1 = 0. Let v(g) = -3*g - 4. Let x(z) = a*t(z) - 4*v(z). Calculate x(-1).
-1
Let s(p) = 7*p**2 - 14*p + 25. Let g(w) = 5*w**2 - 13*w + 25. Let b(h) = -3*g(h) + 2*s(h). Give b(11).
-25
Let v(y) = -12*y. Let n(c) = c. Suppose -4*o - 4 = 3*m + m, -3*o = m - 3. Let a(s) = o*v(s) + 20*n(s). Let b(w) = -19*w + 510. Let f be b(27). What is a(f)?
12
Suppose -4*q + 32 - 16 = 0. Let y(h) = -h**3 + 2*h**2 + 4*h - 6. Determine y(q).
-22
Suppose 0*d + 8 = 8*d. Let m(c) = -31*c**2 + 1. Give m(d).
-30
Let z(y) be the first derivative of -y**3/3 + 5*y**2/2 + 6*y + 1. Let v be (-1)/(-3) - (-20)/(-6). Let a = v - -8. What is z(a)?
6
Let u(c) = -17*c**2 - 17*c + 20. Let o(i) = -12*i**2 - 11*i + 13. Let t(j) = 7*o(j) - 5*u(j). Calculate t(-8).
-9
Suppose -4*b + 4*w + 1228 = 0, -2*w = 5*b - 5*w - 1545. Let n(l) = b - 6*l - 154 - 154. Determine n(4).
-20
Suppose 19*r + 22 - 3 = 0. Let m(j) = -28*j - 4. Let v(o) = 19*o + 3. Let b(u) = 5*m(u) + 7*v(u). Calculate b(r).
8
Let n be (112/161)/8 - (-67)/23. Let b(w) be the second derivative of -2*w**2 + 1/2*w**n + 0 - 4*w. Determine b(4).
8
Let v(o) = 6*o + 23. Let t be v(14). Let y = -113 + t. Let l(b) = 2*b - 2. What is l(y)?
-14
Suppose -2*b = b - 63. Let u(l) = -4*l**2 - 58*l - 7. Let f be u(-14). Let q(y) = y**2 + 3*y - 4*y - f + b. Give q(3).
6
Let p be (-48)/15 + 3/15. Let y(a) = a + 8. Let n be y(-6). Let u(b) = 3*b**n + 4 - b**2 + b**3 + 0*b - b - 2*b. Calculate u(p).
4
Let a be (5 - 3)*(-13)/(-2) - 1. Let l(m) = -m**2 + 11*m + 14. Give l(a).
2
Let b(h) = -38 - 40 - 34 + h + 112 + 8*h**3. Give b(-1).
-9
Suppose -2*n + 7 = -3*s, -56*n - 6 = -57*n - s. Let c(t) be the third derivative of 0*t + 0*t**4 + 1/6*t**3 + 4*t**2 + 0 + 1/10*t**n. Determine c(1).
7
Let g(l) = 3*l. Let x(w) = -10*w. Let q(p) = -7*g(p) - 2*x(p). Suppose 5*f - f - 24 = 0. Let b = f - 7. Calculate q(b).
1
Let g(y) = -11*y + 11. Let t(o) = -2*o + 1. Let i(p) = g(p) - 6*t(p). Calculate i(-6).
-1
Let q(d) be the first derivative of -3*d**2 - 4*d + 19. Calculate q(-3).
14
Let m be 46/6 - 6/9. Let w(g) = -10*g - 6. Let i(h) = -3*h - 2. Let c(q) = 7*i(q) - 2*w(q). Calculate c(m).
-9
Let j(m) = -5*m. Let w(p) = -7*p. Let n(s) = 2*j(s) - 3*w(s). Calculate n(-1).
-11
Let j(w) = 10*w**2 + 3*w + 12. Let x(t) = t**2 + t + 3. Let b(d) = j(d) - 4*x(d). Determine b(1).
5
Let r(y) = 2*y - 8. Let i be r(7). Suppose -15*k + 13*k = i. Let m(u) = u - 4. What is m(k)?
-7
Let g be 0 + 43 - (3 + 2). Let q = 42 - g. Let t(v) = 5*v**2 - v + 1. Let s(z) = 6*z**2 + 1. Let r(f) = -4*s(f) + 5*t(f). Calculate r(q).
-3
Let s(k) = 61*k + 69*k - 200*k + 10 + 69*k. Determine s(-7).
17
Let a(i) = i - 2. Let n be a(7). Suppose 6*d = n*d + 4. Let m(t) = -3*t + 4*t + d + 0*t. Calculate m(-6).
-2
Let d(h) = -2*h**2 + 20 + h + 2*h**3 + 3*h**2 - h**3. Suppose 2*z = 6*z - 8*z. Determine d(z).
20
Let n(a) be the first derivative of -14*a**3/3 - 3*a**2 + a + 1. Let z(b) = -27*b**2 - 11*b + 2. Let j = 65 - 71. Let r(u) = j*z(u) + 11*n(u). Calculate r(-1).
7
Let y(i) = -i**3 + 11*i**2 - 17*i + 8. Let s = -1497 + 1506. Give y(s).
17
Let k(m) = -m**2 - 9*m - 2. Let l(o) = -5*o**2 - 9*o + 6. Let d be l(-5). Let t = 66 + d. What is k(t)?
6
Let g(x) = x**3 - 12*x**2 - 9*x + 1. Let m(w) = 2*w**2 + 2*w. Let r(z) = g(z) + 3*m(z). Calculate r(6).
-17
Let v(o) = 106*o**2 + 2*o - 32. Let y(s) = 159*s**2 + 3*s - 51. Let k(i) = 8*v(i) - 5*y(i). Determine k(1).
53
Let v(h) = 2*h + 6. Let c = -22 + 4. Let j be 24/(-108) + 104/c. Determine v(j).
-6
Let h(p) = -p**3 + 5*p**2 - 3. Let o(d) = -4*d**3 - 6*d**2 - 5*d + 2. Let l be o(-1). Give h(l).
-3
Let t(n) be the second derivative of -n**4/12 + n**3/6 + 5*n**2 - 6*n. Let x be t(3). Let f(k) = -k**3 + 5*k**2 - 6*k + 2. What is f(x)?
-6
Let d = -31 - -36. Suppose 5*n - n + 36 = d*w, 0 = -3*n - 4*w + 4. Let z(o) = -o**2 - 6*o - 5. Determine z(n).
3
Let q(p) = 3*p + 13. Suppose 0 = 5*w + m + 34, 40 = -4*w - 3*m - m. What is q(w)?
-5
Suppose -3 + 9 = -d. Let v(y) = -y**3 - 11*y**2 - 9*y + 11. Let c be v(-10). Let t(j) = -2 + 5*j - 6 + j**2 + c. Determine t(d).
-1
Let j(c) = 2 + 0*c**3 + 4 + c**3 - c. Let v(b) = -25*b. Let y be v(-1). Suppose -3*a - 4 = -u + 1, 0 = -5*u + y. Determine j(a).
6
Let p(c) = -3*c + 2. Let x(r) = -r + 3. Let j(v) = -2*p(v) + 3*x(v). Calculate j(0).
5
Let a(g) be the second derivative of -1/2*g**3 + 10*g + 0 - 1/2*g**2. Calculate a(-1).
2
Let n(u) = -u + 7. Let x(r) = -5*r + 20. Let o(w) = -6*n(w) + x(w). Calculate o(-16).
-38
Let z(q) be the first derivative of q**4/4 + 11*q**3/3 - 13*q**2/2 - 2*q - 1. Give z(-12).
10
Let n(f) = 3*f**2 + 19*f + 18. Let k be n(-5). Let q(r) = 18*r. Determine q(k).
-36
Let b(h) = -h**3 - 8*h**2 - 8*h - 7. Suppose 4*z + 3*t = -2*t - 35, -9 = 3*t. Let w(r) = r**2 + 5*r - 7. Let p be w(z). Calculate b(p).
0
Let o(w) = w**2 + 11*w - 9. Let l(k) = k**3 + 4*k**2 - 4*k - 6. Let j be l(-5). Calculate o(j).
-9
Let o(x) be the second derivative of x**4/12 + x**3 + 11*x**2/2 - 408*x. Give o(-9).
38
Let c(t) = 7*t - 2. Let b(a) = -a + 1. Let f(x) = -6*b(x) - c(x). Give f(6).
-10
Let q be -3*(595/(-3))/(-5). Let g be 18/81 + q/9. Let a = g + 7. Let v(t) = -t**3 - 7*t**2 - 6*t + 6. What is v(a)?
6
Suppose 4*c - 8 = 2*c. Let r(h) = 0*h - h**3 - c - 2 - 1 + 6*h + 5*h**2. Let w = -22 - -28. Calculate r(w).
-7
Let p(x) = -x**2 + 3*x + 3. Let a = 767 - 764. Give p(a).
3
Suppose 27*j = 26*j - 5. Let r = -5 - 0. Let u(k) = k**2 + 5*k. Let x(a) = -1. Let w(f) = r*x(f) + u(f). Give w(j).
5
Let o(y) = 3*y**2 + 16*y - 2. Let z(l) = -4*l**2 - 18*l + 3. Let i(t) = 5*o(t) + 4*z(t). Calculate i(8).
2
Let j be 679/(-420) - (-75)/45. Let g(z) be the second derivative of 0 - 8*z + 0*z**2 + 0*z**3 - 1/1